 tens digit of 8721?
2
What is the thousands digit of 46281?
6
What is the hundreds digit of 397?
3
What is the hundreds digit of 5622?
6
What is the ten thousands digit of 40303?
4
What is the hundreds digit of 415?
4
What is the hundreds digit of 2640?
6
What is the tens digit of 251?
5
What is the thousands digit of 7815?
7
What is the thousands digit of 2780?
2
What is the hundreds digit of 2649?
6
What is the units digit of 3284?
4
What is the hundreds digit of 5342?
3
What is the tens digit of 1184?
8
What is the hundreds digit of 679?
6
What is the hundreds digit of 6105?
1
What is the tens digit of 150268?
6
What is the units digit of 19650?
0
What is the thousands digit of 19970?
9
What is the tens digit of 553?
5
What is the hundreds digit of 8340?
3
What is the tens digit of 193?
9
What is the ten thousands digit of 42353?
4
What is the units digit of 132?
2
What is the units digit of 11717?
7
What is the hundreds digit of 917?
9
What is the thousands digit of 5829?
5
What is the thousands digit of 1239?
1
What is the hundreds digit of 566?
5
What is the hundreds digit of 13096?
0
What is the units digit of 2564?
4
What is the thousands digit of 1454?
1
What is the units digit of 618?
8
What is the tens digit of 13547?
4
What is the units digit of 190?
0
What is the tens digit of 437?
3
What is the ten thousands digit of 84514?
8
What is the tens digit of 322?
2
What is the thousands digit of 1095?
1
What is the units digit of 619?
9
What is the tens digit of 557?
5
What is the hundreds digit of 33033?
0
What is the tens digit of 1142?
4
What is the units digit of 15487?
7
What is the hundreds digit of 127395?
3
What is the ten thousands digit of 18387?
1
What is the tens digit of 1703?
0
What is the hundreds digit of 72976?
9
What is the hundred thousands digit of 110675?
1
What is the units digit of 3708?
8
What is the tens digit of 110615?
1
What is the tens digit of 14499?
9
What is the units digit of 6059?
9
What is the hundreds digit of 1804?
8
What is the hundreds digit of 3847?
8
What is the tens digit of 544?
4
What is the tens digit of 31386?
8
What is the ten thousands digit of 11097?
1
What is the tens digit of 18136?
3
What is the ten thousands digit of 29503?
2
What is the tens digit of 11399?
9
What is the tens digit of 1909?
0
What is the hundreds digit of 28485?
4
What is the tens digit of 10345?
4
What is the tens digit of 42811?
1
What is the hundreds digit of 606?
6
What is the tens digit of 8603?
0
What is the tens digit of 4829?
2
What is the tens digit of 3274?
7
What is the hundreds digit of 9768?
7
What is the units digit of 2660?
0
What is the tens digit of 5204?
0
What is the tens digit of 903?
0
What is the units digit of 53664?
4
What is the hundreds digit of 5640?
6
What is the hundreds digit of 6584?
5
What is the units digit of 4053?
3
What is the units digit of 478?
8
What is the tens digit of 5395?
9
What is the tens digit of 21201?
0
What is the ten thousands digit of 10221?
1
What is the thousands digit of 22008?
2
What is the hundreds digit of 6587?
5
What is the units digit of 111568?
8
What is the hundreds digit of 107525?
5
What is the units digit of 2896?
6
What is the ten thousands digit of 32323?
3
What is the thousands digit of 44039?
4
What is the hundreds digit of 11369?
3
What is the units digit of 1525?
5
What is the tens digit of 6719?
1
What is the units digit of 1046?
6
What is the hundreds digit of 49799?
7
What is the tens digit of 19796?
9
What is the units digit of 19647?
7
What is the hundreds digit of 1419?
4
What is the hundreds digit of 152013?
0
What is the ten thousands digit of 36644?
3
What is the units digit of 921?
1
What is the units digit of 1440?
0
What is the hundreds digit of 5215?
2
What is the tens digit of 92051?
5
What is the ten thousands digit of 17296?
1
What is the units digit of 1320?
0
What is the hundreds digit of 412?
4
What is the hundred thousands digit of 153953?
1
What is the thousands digit of 43358?
3
What is the thousands digit of 123899?
3
What is the thousands digit of 5991?
5
What is the units digit of 701?
1
What is the units digit of 453?
3
What is the hundreds digit of 5741?
7
What is the tens digit of 3685?
8
What is the hundreds digit of 364?
3
What is the tens digit of 26918?
1
What is the hundreds digit of 26281?
2
What is the tens digit of 107498?
9
What is the thousands digit of 8813?
8
What is the tens digit of 954?
5
What is the hundreds digit of 9033?
0
What is the hundreds digit of 580?
5
What is the units digit of 492?
2
What is the tens digit of 1160?
6
What is the hundreds digit of 2631?
6
What is the units digit of 83?
3
What is the hundreds digit of 99178?
1
What is the hundreds digit of 8271?
2
What is the units digit of 1709?
9
What is the units digit of 1168?
8
What is the units digit of 1231?
1
What is the ten thousands digit of 48170?
4
What is the hundreds digit of 42366?
3
What is the tens digit of 274?
7
What is the tens digit of 743?
4
What is the units digit of 11644?
4
What is the hundreds digit of 10533?
5
What is the tens digit of 93106?
0
What is the thousands digit of 13052?
3
What is the thousands digit of 17987?
7
What is the ten thousands digit of 23636?
2
What is the tens digit of 76395?
9
What is the units digit of 42018?
8
What is the hundreds digit of 48403?
4
What is the thousands digit of 46938?
6
What is the thousands digit of 1834?
1
What is the units digit of 7442?
2
What is the thousands digit of 3011?
3
What is the units digit of 59088?
8
What is the thousands digit of 27992?
7
What is the units digit of 9007?
7
What is the tens digit of 22?
2
What is the hundreds digit of 60542?
5
What is the hundreds digit of 37183?
1
What is the tens digit of 920?
2
What is the hundreds digit of 1148?
1
What is the thousands digit of 14204?
4
What is the hundreds digit of 1143?
1
What is the hundreds digit of 33208?
2
What is the hundreds digit of 129715?
7
What is the hundreds digit of 465?
4
What is the units digit of 19499?
9
What is the thousands digit of 1705?
1
What is the hundreds digit of 401?
4
What is the units digit of 48077?
7
What is the tens digit of 2851?
5
What is the hundreds digit of 126887?
8
What is the tens digit of 1409?
0
What is the hundreds digit of 8166?
1
What is the units digit of 43671?
1
What is the hundreds digit of 678?
6
What is the hundreds digit of 177?
1
What is the thousands digit of 2903?
2
What is the ten thousands digit of 20259?
2
What is the tens digit of 1071?
7
What is the tens digit of 908?
0
What is the tens digit of 10032?
3
What is the hundreds digit of 298?
2
What is the tens digit of 898?
9
What is the tens digit of 185?
8
What is the tens digit of 3657?
5
What is the thousands digit of 2151?
2
What is the ten thousands digit of 14423?
1
What is the units digit of 6315?
5
What is the hundreds digit of 1385?
3
What is the units digit of 1912?
2
What is the units digit of 17488?
8
What is the thousands digit of 5405?
5
What is the thousands digit of 6318?
6
What is the hundreds digit of 3259?
2
What is the tens digit of 140311?
1
What is the tens digit of 2241?
4
What is the hundreds digit of 32170?
1
What is the units digit of 6877?
7
What is the units digit of 3852?
2
What is the units digit of 7509?
9
What is the thousands digit of 13856?
3
What is the thousands digit of 2382?
2
What is the hundreds digit of 2108?
1
What is the hundreds digit of 203?
2
What is the tens digit of 30319?
1
What is the thousands digit of 1438?
1
What is the tens digit of 8272?
7
What is the hundreds digit of 1952?
9
What is the units digit of 2564?
4
What is the tens digit of 952?
5
What is the ten thousands digit of 35769?
3
What is the hundreds digit of 953?
9
What is the units digit of 1054?
4
What is the units digit of 1043?
3
What is the thousands digit of 2856?
2
What is the thousands digit of 2068?
2
What is the thousands digit of 49498?
9
What is the hundreds digit of 695?
6
What is the hundreds digit of 3671?
6
What is the units digit of 14941?
1
What is the units digit of 6031?
1
What is the tens digit of 80921?
2
What is the hundreds digit of 29158?
1
What is the thousands digit of 2845?
2
What is the ten thousands digit of 35083?
3
What is the tens digit of 5358?
